+ 378. Calculate the greatest common divisor of z and w.
10
Let r = 13 - -4. Let q(h) = 7*h**2 - 3*h - 7. Let m = -5 + 10. Let g be q(m). What is the highest common factor of g and r?
17
Let p = 773 + -608. What is the greatest common divisor of p and 105?
15
Let h be (9 - 7)/((-2)/(-20)). Suppose -5*j - 68 = -3*a, a + j - h = -0*a. Calculate the highest common factor of 7 and a.
7
Suppose 3*y + 4*w = 167, 9*y - 5*y - 236 = -2*w. Calculate the highest common factor of y and 305.
61
Let o(s) = 144*s - 1676. Let z be o(12). Let c = 12 + -4. Suppose -3*a - 65 = -c*a. Calculate the greatest common factor of a and z.
13
Suppose -2*l = -5*h + 13, 0*h = -3*l + 3*h + 3. Let p = l + 9. What is the greatest common factor of 10 and p?
5
Let z(b) = -7*b + b + 4*b + 7 + b. Let o(t) = t + 7. Let l be o(-7). Let d be z(l). Calculate the highest common factor of 35 and d.
7
Suppose -12*n - 3*w = -16*n + 180, -236 = -5*n + w. Let a be 8/(4 + 45/(-12)). What is the highest common factor of a and n?
16
Let p = -28 + 28. Suppose 16 = 3*m - t, -10 = -2*t - p. Calculate the highest common factor of 63 and m.
7
Suppose -4*b + a + 58 = -0*b, 0 = 3*a - 6. Let p be 501/6*(2 - 0). Let y be p/11 - (-12)/(-66). What is the greatest common factor of y and b?
15
Let f be ((-8)/1)/8 - -10. What is the highest common divisor of f and 5?
1
Suppose -291 = -4*o + 3*r, 81 = o + r + r. Suppose 9*c = c + 800. What is the greatest common divisor of c and o?
25
Suppose -4*k + 899 = 5*x, 3*k - 755 = -3*x - 218. Calculate the greatest common factor of x and 427.
61
Suppose -88*q - 840 = -103*q. Let c be (-2)/2*(-6 - 1). Calculate the greatest common divisor of q and c.
7
Let c(i) = -i + 1. Let h be c(-3). Suppose 5*u + 525 = -10. Let r = u - -151. Calculate the highest common divisor of h and r.
4
Let m(u) = u + 9. Let t be m(9). Let p be 12/(-3)*81/(-12). Calculate the greatest common factor of p and t.
9
Let p(d) = 14*d**3 - d**2 + 7*d - 10. Let h be p(2). What is the greatest common factor of h and 42?
14
Let q = -897 + 1053. Calculate the highest common factor of q and 351.
39
Suppose 13 + 101 = 2*m. Suppose -4*k - 33 = -b + m, -3*b + k + 215 = 0. Calculate the highest common divisor of b and 14.
14
Let j(i) = -i**3 - 4*i**2 - 3*i - 9. Let y be j(-6). Let v be y + -2 + 2 + 0. Let a be ((-27)/12)/(6/(-24)). Calculate the highest common factor of a and v.
9
Let p be (36/(-21))/(1/7). Let m = 17 + p. Suppose m*g + 5*y - 370 = 0, g + y + 2*y = 68. What is the greatest common factor of g and 7?
7
Suppose -5*v = -2*v - 5*j - 44, 3*v + 2*j = 16. Suppose 2*z - 8 = -2*z. Suppose -z*f + 6 = 2. Calculate the highest common divisor of f and v.
2
Let p = 6 + -2. Suppose -5*d + p*a + a = -1505, 0 = d + 3*a - 285. Let c = -201 + d. Calculate the highest common factor of c and 12.
12
Let s be (24/(-32))/(2/(-80)). Calculate the greatest common factor of 480 and s.
30
Suppose -4*v + 186 = 2*y, y - 236 + 335 = 2*v. Suppose 5*h + 52 - 232 = 0. Calculate the greatest common divisor of h and v.
12
Suppose -u = -3*u + 46. Let f = -113 + 159. Calculate the greatest common factor of u and f.
23
Suppose -89*d = -86*d - 12. What is the greatest common divisor of 62 and d?
2
Let q(b) = -22*b + 2. Let t be q(-5). Let a = -80 - -94. What is the highest common divisor of a and t?
14
Let y(l) = 7*l + 4. Let o be y(3). Let n(p) = 0 - p - 2*p**2 + 7*p**2 + 1. Let m be n(1). What is the greatest common divisor of o and m?
5
Suppose 0*h - 4 = -4*h. Let i be 0 + (-374)/99 + (-4)/18. Let d be (-1)/i*(-6 - -10). What is the greatest common factor of d and h?
1
Suppose -15*f + 867 = -78. Calculate the highest common factor of f and 18.
9
Let j(z) = 24*z**3 - 3*z**2 + 1. Suppose 10*i + 0*i = 10. Let q be j(i). What is the highest common factor of q and 99?
11
Let n(u) = -u**3 - 9*u**2 - 21*u - 11. Let t be n(-6). Calculate the highest common factor of t and 49.
7
Let k = -244 - -247. What is the greatest common divisor of k and 15?
3
Let r(u) = 8*u + 4. Let g be r(1). Let d be 278 + 0 - g*(-4)/(-16). Calculate the greatest common factor of d and 55.
55
Let i(p) be the first derivative of p**3/3 - p**2/2 + 6*p - 16. Let a be i(3). What is the greatest common divisor of 12 and a?
12
Let q(l) = 2*l + 56. Let x(z) = 56 + 7*z - z - 5*z. Let k(o) = -2*q(o) + 3*x(o). Let v be k(0). Calculate the greatest common divisor of v and 84.
28
Let p be (-10)/(-35) - (-1)/(7/54). Let v = 3 - 0. Suppose 4*r + 200 = v*k, 10 - 206 = -3*k + 2*r. What is the highest common factor of k and p?
8
Let k(i) be the third derivative of -i**5/60 - i**4/2 + 4*i**3/3 + 10*i**2. Let g be k(-10). What is the highest common divisor of 42 and g?
14
Let q be (-3)/(-27)*-2 + (-4054)/(-18). Let t = q - 129. What is the greatest common factor of t and 24?
24
Let t = -66 - -93. Let s = 17 - -16. Let c = s - 30. What is the highest common factor of c and t?
3
Let r be (-70)/6*234/(-273). Let o(i) = 3*i - 6. Let k be o(5). Suppose -k*d = -4*d - r. Calculate the highest common factor of 18 and d.
2
Suppose -3*l + 35 = -8*l. Let p = l + 5. Let a be 250/20 + 1/p. What is the greatest common divisor of a and 12?
12
Suppose 2928 - 14862 = -17*x. What is the highest common divisor of x and 81?
27
Suppose -178 - 494 = -3*y. Calculate the greatest common divisor of 32 and y.
32
Suppose 0 = -10*x + 68 - 18. Let d = 3 + x. Let a(r) = -r**3 - 5*r**2 - 6*r - 4. Let w be a(-4). What is the greatest common factor of d and w?
4
Let m = 829 - 199. Calculate the greatest common divisor of 30 and m.
30
Suppose 2*q + 26*q = 6552. What is the highest common divisor of q and 52?
26
Suppose 0 = 6*u + 10 - 28. What is the greatest common factor of 267 and u?
3
Suppose 8*i + 15*i - 69 = 0. What is the greatest common factor of i and 81?
3
Suppose -o + 4 = -1, 0 = -2*w + 2*o + 1394. Calculate the highest common factor of 18 and w.
18
Let d = 4 - 0. Suppose -5*t = -2*t - 4*x - 28, 0 = 5*t + 4*x - 4. Calculate the highest common factor of d and t.
4
Let r(t) = -t - 5. Let g be r(-10). Suppose -198 = -g*y - y. What is the highest common factor of y and 22?
11
Let w(a) = -a**3 + 19*a**2 - 27*a - 111. Let k be w(17). Calculate the highest common divisor of k and 140.
4
Let n(g) = 76*g + 1. Suppose -4*o - o = -5. Let t be n(o). Suppose -6*m + 30 + 36 = 0. What is the highest common divisor of m and t?
11
Let x be (-4)/(1/39*-3). Let t be (x/6)/(4/108). What is the greatest common divisor of t and 26?
26
Let i = -125 - -250. Let p(k) = -3*k**2 + 23*k - 5. Let j be p(6). Calculate the highest common factor of j and i.
25
Let f(a) = -3*a**3 - 5*a**2 - 2*a - 3. Let o be f(-2). Suppose -9*k = -o*k - 24. Calculate the greatest common factor of 3 and k.
3
Suppose 7 = v + 4*p, 2*v - 2*p - 24 = -0*p. Suppose v*n - 5*n - 198 = 0. What is the greatest common factor of 44 and n?
11
Let y be 4/6 - (-75)/9. Let f(x) = -x**2 - 7*x + 17. Suppose 7*w - 8 = 8*w. Let p be f(w). What is the highest common divisor of p and y?
9
Let p(a) = 2*a**2 - 8*a - 2. Suppose -2*l = 5*x - 40, 5*x - 5*l = 2*x - 7. Let f be p(x). What is the highest common factor of f and 66?
22
Suppose 42*o - 48*o = -6. Suppose 4*k + 2*z + 4 = 0, 0 = 2*z - z - 2. Let h be (k + 1)*(3 - 4). Calculate the highest common factor of h and o.
1
Let v be ((-24)/36)/(-4*1/96). What is the greatest common factor of v and 80?
16
Let r be (1 - (-1 - -1))*12. Let n = 56 + -16. Suppose n*u = 38*u + 192. What is the highest common divisor of r and u?
12
Let j = -44 - -41. Let r be (j/2*1)/((-1)/28). What is the greatest common factor of r and 14?
14
Suppose u + 0*u = -3. Let c be (-1)/3 + (-7)/u. Let w(y) = y + 2. Let s be w(c). What is the greatest common factor of s and 12?
4
Let a(t) = 5*t + 26. Let b(w) = -w**2 - w. Let c(m) = -a(m) - 2*b(m). Let d be c(6). Calculate the greatest common factor of 42 and d.
14
Let r(y) be the second derivative of 23*y**3/6 + 5*y**2/2 + 8*y. Let n be r(1). What is the highest common divisor of 4 and n?
4
Let l = -37 + 28. Let g be 15 + l + (-1)/(-1). Calculate the highest common divisor of 21 and g.
7
Let z(p) = -p**2 + 15*p + 303. Let s be z(25). Calculate the greatest common factor of 689 and s.
53
Let h = -52 + 81. Suppose -5*v - 4*i - 21 = 0, 2*i + 12 = -i. Let r be (-2088)/60*v*5. Calculate the highest common fac